60?
4
What is the tens digit of 99552?
5
What is the ten thousands digit of 4498780?
9
What is the ten thousands digit of 390046?
9
What is the tens digit of 614240?
4
What is the thousands digit of 2453758?
3
What is the units digit of 11498766?
6
What is the ten thousands digit of 884842?
8
What is the ten thousands digit of 14159493?
5
What is the thousands digit of 221507?
1
What is the hundred thousands digit of 4982531?
9
What is the millions digit of 18028990?
8
What is the tens digit of 332998?
9
What is the tens digit of 3280928?
2
What is the units digit of 34256?
6
What is the tens digit of 223694?
9
What is the tens digit of 6434034?
3
What is the ten thousands digit of 81028?
8
What is the tens digit of 424506?
0
What is the tens digit of 23522539?
3
What is the ten thousands digit of 798562?
9
What is the ten thousands digit of 222736?
2
What is the ten thousands digit of 20412026?
1
What is the tens digit of 5931652?
5
What is the thousands digit of 9177715?
7
What is the hundreds digit of 5064193?
1
What is the ten thousands digit of 46527?
4
What is the thousands digit of 1995709?
5
What is the thousands digit of 1598643?
8
What is the hundreds digit of 331851?
8
What is the hundreds digit of 2022276?
2
What is the units digit of 644010?
0
What is the hundred thousands digit of 1505410?
5
What is the hundreds digit of 12647721?
7
What is the hundred thousands digit of 885815?
8
What is the ten thousands digit of 1777722?
7
What is the hundred thousands digit of 3778146?
7
What is the ten thousands digit of 2263295?
6
What is the ten millions digit of 18286260?
1
What is the tens digit of 502119?
1
What is the hundreds digit of 1348747?
7
What is the hundred thousands digit of 213831?
2
What is the tens digit of 15355344?
4
What is the thousands digit of 130674?
0
What is the hundreds digit of 2231528?
5
What is the hundred thousands digit of 355600?
3
What is the ten thousands digit of 12078405?
7
What is the tens digit of 4064184?
8
What is the thousands digit of 229546?
9
What is the ten millions digit of 18627400?
1
What is the ten thousands digit of 1225072?
2
What is the ten thousands digit of 28549?
2
What is the tens digit of 6694402?
0
What is the thousands digit of 5140181?
0
What is the thousands digit of 1623860?
3
What is the thousands digit of 9079589?
9
What is the hundred thousands digit of 2844903?
8
What is the hundred thousands digit of 2259716?
2
What is the thousands digit of 7745427?
5
What is the tens digit of 1434528?
2
What is the tens digit of 1414228?
2
What is the units digit of 207834?
4
What is the hundred thousands digit of 1320358?
3
What is the tens digit of 98663?
6
What is the hundreds digit of 8846336?
3
What is the hundred thousands digit of 10478956?
4
What is the hundreds digit of 94725?
7
What is the ten thousands digit of 12827644?
2
What is the thousands digit of 323318?
3
What is the millions digit of 1917363?
1
What is the units digit of 13531456?
6
What is the thousands digit of 9021442?
1
What is the thousands digit of 3066547?
6
What is the ten thousands digit of 1420370?
2
What is the ten thousands digit of 1585957?
8
What is the hundreds digit of 1075958?
9
What is the tens digit of 38233106?
0
What is the thousands digit of 289534?
9
What is the tens digit of 210794?
9
What is the ten thousands digit of 134598?
3
What is the ten thousands digit of 6094375?
9
What is the units digit of 95260?
0
What is the ten thousands digit of 282487?
8
What is the hundreds digit of 243530?
5
What is the hundreds digit of 256992?
9
What is the millions digit of 1666369?
1
What is the millions digit of 9165025?
9
What is the tens digit of 56493?
9
What is the tens digit of 751326?
2
What is the units digit of 3535757?
7
What is the ten thousands digit of 296593?
9
What is the tens digit of 170141?
4
What is the thousands digit of 28262695?
2
What is the hundred thousands digit of 2493371?
4
What is the thousands digit of 519984?
9
What is the units digit of 310855?
5
What is the thousands digit of 657971?
7
What is the tens digit of 190310?
1
What is the hundreds digit of 712351?
3
What is the ten thousands digit of 329817?
2
What is the hundred thousands digit of 1949295?
9
What is the hundreds digit of 3034395?
3
What is the hundreds digit of 113853?
8
What is the ten thousands digit of 4125782?
2
What is the tens digit of 2754377?
7
What is the tens digit of 140229?
2
What is the hundred thousands digit of 1661290?
6
What is the hundred thousands digit of 750714?
7
What is the tens digit of 2285139?
3
What is the units digit of 256546?
6
What is the ten millions digit of 11106829?
1
What is the ten thousands digit of 710232?
1
What is the units digit of 705178?
8
What is the tens digit of 3078493?
9
What is the hundreds digit of 4198574?
5
What is the millions digit of 5232564?
5
What is the ten thousands digit of 7676672?
7
What is the units digit of 686546?
6
What is the hundred thousands digit of 418131?
4
What is the units digit of 1050727?
7
What is the thousands digit of 247822?
7
What is the ten thousands digit of 3038781?
3
What is the hundreds digit of 920698?
6
What is the hundred thousands digit of 181595?
1
What is the tens digit of 3817929?
2
What is the millions digit of 25879134?
5
What is the hundred thousands digit of 414187?
4
What is the hundred thousands digit of 2440188?
4
What is the tens digit of 309833?
3
What is the hundreds digit of 2118410?
4
What is the ten thousands digit of 32367?
3
What is the thousands digit of 9827856?
7
What is the units digit of 3597268?
8
What is the millions digit of 4308288?
4
What is the hundreds digit of 13810650?
6
What is the tens digit of 192083?
8
What is the hundreds digit of 646337?
3
What is the hundreds digit of 34929?
9
What is the ten thousands digit of 982859?
8
What is the hundred thousands digit of 290412?
2
What is the units digit of 477599?
9
What is the ten thousands digit of 241419?
4
What is the hundred thousands digit of 2506500?
5
What is the millions digit of 4956503?
4
What is the thousands digit of 20208893?
8
What is the hundred thousands digit of 519887?
5
What is the tens digit of 657123?
2
What is the hundred thousands digit of 1811138?
8
What is the units digit of 270754?
4
What is the millions digit of 12514474?
2
What is the hundred thousands digit of 834733?
8
What is the millions digit of 1167282?
1
What is the hundred thousands digit of 17421120?
4
What is the ten millions digit of 28507429?
2
What is the ten thousands digit of 287007?
8
What is the ten millions digit of 14976644?
1
What is the tens digit of 745008?
0
What is the tens digit of 298546?
4
What is the hundred thousands digit of 16863935?
8
What is the hundred thousands digit of 10263686?
2
What is the units digit of 7629109?
9
What is the ten thousands digit of 24385828?
8
What is the hundred thousands digit of 1360534?
3
What is the ten thousands digit of 226236?
2
What is the thousands digit of 147407?
7
What is the thousands digit of 840757?
0
What is the hundreds digit of 199296?
2
What is the ten thousands digit of 50135?
5
What is the units digit of 176938?
8
What is the tens digit of 25472606?
0
What is the hundred thousands digit of 1957044?
9
What is the tens digit of 11027281?
8
What is the ten thousands digit of 591533?
9
What is the ten thousands digit of 12754027?
5
What is the millions digit of 10547235?
0
What is the hundred thousands digit of 22855636?
8
What is the units digit of 7608594?
4
What is the tens digit of 910508?
0
What is the ten thousands digit of 3377866?
7
What is the hundreds digit of 4831935?
9
What is the hundreds digit of 242703?
7
What is the units digit of 288620?
0
What is the thousands digit of 308395?
8
What is the thousands digit of 1402018?
2
What is the hundreds digit of 2420184?
1
What is the millions digit of 2663618?
2
What is the hundreds digit of 22112593?
5
What is the thousands digit of 279089?
9
What is the thousands digit of 617491?
7
What is the units digit of 215622?
2
What is the ten thousands digit of 1456518?
5
What is the ten thousands digit of 934512?
3
What is the thousands digit of 3879278?
9
What is the units digit of 4377002?
2
What is the units digit of 2115399?
9
What is